ime factors of a.
3, 19
Suppose 11 = -5*s + 31. Suppose 4*d - 88 = 4*n, s*n = 4*d + d - 107. Let m = 34 - d. List the prime factors of m.
3, 5
List the prime factors of (-6)/14 + -4 + 9054/7.
1289
Let b be 4 - (-5)/((-20)/56). Let c = 21 + b. List the prime factors of c.
11
Suppose 5*n - 5856 = 2664. What are the prime factors of n?
2, 3, 71
Let d(s) = s**3 - 6*s**2 - 7*s + 8. Let w be d(7). Let k = w - 23. List the prime factors of 411/9 + (-5)/k.
2, 23
Let c(a) = 22*a - 2*a**2 + a**2 + 5 - 12*a + 5*a**2. List the prime factors of c(-4).
29
Let o(k) = -k**3 - 10*k**2 - 10*k - 9. Let q = -19 + 10. Let r be o(q). Suppose -i = -11 - r. What are the prime factors of i?
11
List the prime factors of ((-9)/(-27))/(-5 - 43096/(-8619)).
13, 17
List the prime factors of 2/3 - (-14 - (-123520)/(-48)).
2, 647
Let d = 27 - 55. Let s = 18 + d. List the prime factors of 5/(s/(-4)) - -24.
2, 13
What are the prime factors of (48/18)/8 - 2256/(-9)?
251
Let b = -7 - -7. Suppose 3*h - 6*h + 5*g = -371, 3*g + 246 = 2*h. Suppose b = 2*i + y - 35 - h, -i + 76 = 2*y. List the prime factors of i.
2, 19
Let k = -52 + 62. List the prime factors of (-70)/(-175) - (-1996)/k.
2, 5
Let i be (-109)/(-6) - 3/18. Let g = i + -15. Suppose h = g*h - 44. List the prime factors of h.
2, 11
Let d(r) = r**3 - 8*r**2 + 9*r + 8. Suppose -4 + 0 = 2*k + 2*a, -5*a = -3*k + 10. Suppose -5*n + 32 + 3 = k. What are the prime factors of d(n)?
2, 11
Let j = 65 - 46. Let q = j - -21. List the prime factors of q.
2, 5
Suppose 3*q - 3*d + 116 = 20, 4 = 2*d. Let g be (-8246)/q + 22/165. Suppose 25 = 5*f - g. List the prime factors of f.
2, 3, 5
Let p = 19 - 3. Suppose 0 = -2*f + w + 67, 5*f = 10*f - w - 172. Suppose p*o = 15*o + f. What are the prime factors of o?
5, 7
Let p = -2116 - -3526. Suppose 2*d + p = 12*d. List the prime factors of d.
3, 47
Suppose -4*v = -2*m - 10, 45 = 5*v - v + 5*m. Suppose -v*x = -g - 158, 2*g = -5*x - g + 166. What are the prime factors of x?
2
Let j be (-2 - -5) + -2 + 1. Suppose 2*z - k = 199 - 65, -j*k = z - 57. Let m = z - 45. What are the prime factors of m?
2, 5
Suppose o + 15 = 6*o. Let j be (75/45)/(1/o). Suppose -48 = -l + j*c, 38 = l - 0*c - 3*c. What are the prime factors of l?
23
Let i be ((-4)/(-6))/(7/(-21)). What are the prime factors of (-806)/(-6) + i/6?
2, 67
Let y(w) = 10*w**3 + 4. Let d be y(3). Suppose -t - d = -3*t. Let o = 215 - t. What are the prime factors of o?
2, 3, 13
Let z = 1225 - 487. List the prime factors of z.
2, 3, 41
Let a = 28 + 5. Suppose 23*y + 781 = -48*y. Let q = a + y. What are the prime factors of q?
2, 11
Suppose -f = -3 - 5. Let l(r) = 7*r - 17. Let x(k) = -8*k + 16. Let u(y) = -6*l(y) - 5*x(y). List the prime factors of u(f).
2, 3
Suppose 3*v + 4*j - 2 - 28 = 0, -5*j = 4*v - 40. Let b(z) = -12 - 14*z**3 - 8*z + 8*z**3 + 2 - 9*z**2 + 7*z**3. List the prime factors of b(v).
2, 5
Suppose 11*y = 3*y + 1376. What are the prime factors of y?
2, 43
Let m = -5 + 5. Suppose -4*h + m*y + 5*y = -15, 0 = 5*h + 4*y - 29. What are the prime factors of h?
5
Suppose -m = -4*m + 684. Suppose 516 + m = 6*o. What are the prime factors of o?
2, 31
Let s be ((-3)/(-3))/(7/77). Suppose p + s = 15. Suppose -p*b = -6*b + 54. What are the prime factors of b?
3
Suppose -3*k - 252 = -9*k. What are the prime factors of k?
2, 3, 7
Suppose 99 = 5*x - d, -2*x + 4*d - 3 = -3*x. Let r = 17 - x. What are the prime factors of (-90)/r - 10/5?
43
Suppose i = 5 - 3. Let a be (3/(-21))/(i/(-14)). Suppose 3*c + a - 43 = 0. What are the prime factors of c?
2, 7
Suppose -2*i = -h + 402, 3*i + 673 = h + 72. Let f = i - -292. List the prime factors of f.
3, 31
Let g(o) = -3*o**3 + 2*o + 3. Let k(h) = -h + 8. Let f be k(9). Let z(j) = -j**2. Let q(b) = f*g(b) + 3*z(b). What are the prime factors of q(3)?
3, 5
Let c = -91 + 31. Let p = 1232 + -1222. List the prime factors of (12/p)/((-24)/c).
3
Let s be (-6)/(-21) - (-12)/7. Suppose 0 = s*z - 2*r - 14, -z + 4 = 5*r + 3. Suppose -z*g + 72 = -2*g. List the prime factors of g.
2, 3
Suppose -60*v = -11982 - 25458. What are the prime factors of v?
2, 3, 13
Let k = 6 - 12. Let i(t) = -t. Let v(p) = -4*p + 7. Let n(o) = k*i(o) + v(o). List the prime factors of n(5).
17
Suppose 7*z - 3*z - 784 = 0. What are the prime factors of z?
2, 7
Suppose 3*l + 2 = 4*l. Suppose 0*i + 14 = -l*i - 2*a, 2*i + 8 = a. What are the prime factors of (-8)/i*(-90)/(-12)?
2, 3
Suppose -s - 2*h = -397, 2*s + 0*h = 2*h + 806. List the prime factors of s.
401
Let k be (-2 + 221)*24/9. Let l = k + 1352. What are the prime factors of l/32 + (-2)/4?
2, 3, 5
Suppose 3*m = k + 19, 21 = -k - 3*k + m. List the prime factors of k/14 + 792/126.
2, 3
Let y = -32 - -33. Let o(d) = y + 3*d - 2*d + 6 + 2*d**2 - d**2. What are the prime factors of o(7)?
3, 7
Let k(d) = 21*d + 2. Let v = 0 - -5. Let j be k(v). Suppose -3*s + 7 = -2*s + 4*i, 5*s = -2*i + j. List the prime factors of s.
23
Suppose -3*y - 11 = -53. Suppose 5*i + 4 = y, 45 = f - 3*i. What are the prime factors of f?
3, 17
Let f = -2633 - -6894. What are the prime factors of f?
4261
Let w be -8 + 4/(-16)*0. List the prime factors of (-1188)/(-52) + w/(-52).
23
Suppose 4*j - 66 = b, 2*b = 2*j - 5*j + 55. Let u = j - -163. What are the prime factors of u?
2, 3, 5
Let l(u) = -u**2 + 7*u - 12. Let r be l(7). Suppose -2*i + 3*w = -w - 480, -2*i + 474 = -2*w. What are the prime factors of 2/(-3)*i/r?
13
Let f be 1/((7/141)/7). Suppose -2*k + 3*z + f = 0, 5*k - k = -4*z + 232. List the prime factors of k.
3, 7
Suppose -10*x + 6*x = -8. Suppose -4*p - 160 = -4*v, -2*p = x*v + 3*p - 52. What are the prime factors of v?
2, 3
Suppose 3*r + 11 = 4*x, 4*x - 6 = 2*r + 2*x. Let g = r + 36. What are the prime factors of g?
5, 7
Let f be 5*15*28/12. Suppose 34 = -3*u + f. List the prime factors of u.
47
Let p(y) = -80*y - 229. List the prime factors of p(-24).
19, 89
Let z(r) = r**3 + 4*r**2 - 5*r + 2. Let s be (10 - -2)/3 - 1. Suppose m = -1 - 2, v + 2*m = -s. List the prime factors of z(v).
2, 5
Suppose -2*b = 11*b - 3627. What are the prime factors of b?
3, 31
Let k(m) be the second derivative of -7*m**5/20 + 2*m**3/3 + 3*m**2/2 - 2*m + 87. Let p = -7 - -5. List the prime factors of k(p).
3, 17
Let y = 31 - 29. Suppose 5*j = 2*h + 155, 4*j = y*h + 153 - 29. List the prime factors of j.
31
Suppose 5*p = 7*p - 344. Suppose -5*q + 3 = -p. List the prime factors of q.
5, 7
Suppose 0 = 4*g - 139 - 1241. List the prime factors of g.
3, 5, 23
Let b = 6 - 2. Suppose 3*p - 32 = -3*j - 2*p, b*j = -p + 20. Suppose -j*i = -v + i + 3, -4*i + 73 = 5*v. What are the prime factors of v?
13
Let h(s) = -111*s + 27. Let r be h(-6). Let w = r - 457. List the prime factors of w.
2, 59
Let y be (80/60)/(4/6). Suppose y*i - 57 - 49 = 0. List the prime factors of i.
53
Suppose -4*l = 2*y - 20, 2*l + 0*l - 3*y = 10. Suppose -11 = l*b - 101. What are the prime factors of b?
2, 3
Let o be (4 - 3)/((-3)/(-51)). Suppose 4*m + m + o = 3*r, 0 = 2*r - 4*m - 8. Suppose c = -0*c + r. What are the prime factors of c?
2, 7
Let z(s) = -2*s - 6*s + 6*s**3 - 6*s + s**2 + 13*s. List the prime factors of z(1).
2, 3
Suppose 99 = 4*u + 4*v + v, 175 = 5*u - 4*v. Let d = u + -11. List the prime factors of d.
2, 5
Let x be (-16)/(-10)*(-550)/(-20). Suppose x + 20 = 4*r. Let m = 37 - r. What are the prime factors of m?
3, 7
Let c be ((-2)/4)/(6/(-228)). Suppose f - c = -2*d - d, -3*f + 29 = 2*d. List the prime factors of f.
7
Let r(g) = g**2 - 1. Let u be r(2). Suppose -5*m + 33 = u*p, -3*m + p = -2*m - 13. List the prime factors of m.
3
Let v(x) = x**3 + 12*x**2 + 12*x + 16. Suppose 0*c = 2*c + 22. Let i be v(c). Suppose -f - i*p = -29 + 6, 0 = 3*f - 2*p - 52. List the prime factors of f.
2, 3
Let i be -10*4/(-16)*2. Suppose -2*b = n - 1 - 2, -i*b = -2*n + 6. Suppose -n*g = -48 - 24. List the prime factors of g.
2, 3
Let y(q) = q**3 - 29*q**2 + 16*q + 233. What are the prime factors of y(30)?
1613
List the prime factors of (-32)/(-24) - (-6880)/6.
2, 7, 41
Let c be 1/(-8) - (-605)/40. Suppose -20*j = -c*j. Suppose j = 4*z + 39 - 47. What are the prime factors of z?
2
Let f(r) = -r**3 + 2*r**2 + 1. Let s be f(3). Let o = -5 - s. Suppose o*d - 5*n = 31 + 8, 4*n = -4*d + 20. List the prime factors of d.
2
Suppose -p = 4*p + 5. Let x be 0 + 4 + 4/p. Suppose 